{"id":173,"date":"2017-10-09T11:16:59","date_gmt":"2017-10-09T09:16:59","guid":{"rendered":"https:\/\/www.zimne-zahrady.sk\/domains\/zimne-zahrady.sk\/?page_id=173"},"modified":"2017-11-09T10:34:05","modified_gmt":"2017-11-09T09:34:05","slug":"ramovy-posuvny-zasklievaci-system-montalu-standart","status":"publish","type":"page","link":"https:\/\/www.zimne-zahrady.sk\/domains\/zimne-zahrady.sk\/zasklievanie-balkonov\/ramovy-posuvny-zasklievaci-system-montalu-standart\/","title":{"rendered":"R\u00e1mov\u00fd pos\u00favny zasklievac\u00ed syst\u00e9m Montalu standart"},"content":{"rendered":"<p>Syst\u00e9m sa sklad\u00e1 z r\u00e1mu a v\u00fdplne na 2, 3 a 4 radov\u00fdch, obojstranne pohybliv\u00fdch ko\u013eajnicov\u00fdch syst\u00e9moch. Pojazdov\u00e9 kladky s\u00fa z nerezu, materi\u00e1lu s dlhou \u017eivotnos\u0165ou. R\u00e1my s\u00fa vyroben\u00e9 z hlin\u00edka, utesnen\u00e9 moh\u00e9rov\u00fdm tesnen\u00edm. V\u00fdpl\u0148 tvor\u00ed sklo, alebo polykarbon\u00e1t s hr\u00fabkou 4 \u2013 10 mm, vytesnen\u00fd silik\u00f3nov\u00fdm zasklievac\u00edm profilom alebo tmelom. Pre bo\u010dn\u00e9 tesnenie sa pou\u017e\u00edva dvojradov\u00fd syst\u00e9m alebo fix \u2013 r\u00e1m s mo\u017enos\u0165ou v\u00fdberu r\u00f4znych \u010d\u00edrych, matn\u00fdch a neprieh\u013eadn\u00fdch skiel.<\/p>\n<p><center><iframe loading=\"lazy\" src=\"https:\/\/www.youtube.com\/embed\/vWD9Of5wtvs\" width=\"768\" height=\"435\" frameborder=\"0\" allowfullscreen=\"allowfullscreen\"><\/iframe><\/center><center><\/center><center><div id='gallery-1' class='gallery galleryid-173 gallery-columns-4 gallery-size-thumbnail'><figure class='gallery-item'>\n\t\t\t<div class='gallery-icon landscape'>\n\t\t\t\t<a href='https:\/\/www.zimne-zahrady.sk\/domains\/zimne-zahrady.sk\/wp-content\/uploads\/2017\/10\/montalu-zasklenie-balkonov-system-standard-1-1.jpg'><img loading=\"lazy\" decoding=\"async\" width=\"150\" height=\"150\" src=\"https:\/\/www.zimne-zahrady.sk\/domains\/zimne-zahrady.sk\/wp-content\/uploads\/2017\/10\/montalu-zasklenie-balkonov-system-standard-1-1-150x150.jpg\" class=\"attachment-thumbnail size-thumbnail\" alt=\"\" \/><\/a>\n\t\t\t<\/div><\/figure><figure class='gallery-item'>\n\t\t\t<div class='gallery-icon landscape'>\n\t\t\t\t<a href='https:\/\/www.zimne-zahrady.sk\/domains\/zimne-zahrady.sk\/wp-content\/uploads\/2017\/10\/montalu-zasklenie-balkonov-system-standard-2.jpg'><img loading=\"lazy\" decoding=\"async\" width=\"150\" height=\"150\" src=\"https:\/\/www.zimne-zahrady.sk\/domains\/zimne-zahrady.sk\/wp-content\/uploads\/2017\/10\/montalu-zasklenie-balkonov-system-standard-2-150x150.jpg\" class=\"attachment-thumbnail size-thumbnail\" alt=\"\" \/><\/a>\n\t\t\t<\/div><\/figure><figure class='gallery-item'>\n\t\t\t<div class='gallery-icon landscape'>\n\t\t\t\t<a href='https:\/\/www.zimne-zahrady.sk\/domains\/zimne-zahrady.sk\/wp-content\/uploads\/2017\/10\/montalu-zasklenie-balkonov-system-standard-3.jpg'><img loading=\"lazy\" decoding=\"async\" width=\"150\" height=\"150\" src=\"https:\/\/www.zimne-zahrady.sk\/domains\/zimne-zahrady.sk\/wp-content\/uploads\/2017\/10\/montalu-zasklenie-balkonov-system-standard-3-150x150.jpg\" class=\"attachment-thumbnail size-thumbnail\" alt=\"\" \/><\/a>\n\t\t\t<\/div><\/figure><figure class='gallery-item'>\n\t\t\t<div class='gallery-icon landscape'>\n\t\t\t\t<a href='https:\/\/www.zimne-zahrady.sk\/domains\/zimne-zahrady.sk\/wp-content\/uploads\/2017\/10\/montalu-zasklenie-balkonov-system-standard-4.jpg'><img loading=\"lazy\" decoding=\"async\" width=\"150\" height=\"150\" src=\"https:\/\/www.zimne-zahrady.sk\/domains\/zimne-zahrady.sk\/wp-content\/uploads\/2017\/10\/montalu-zasklenie-balkonov-system-standard-4-150x150.jpg\" class=\"attachment-thumbnail size-thumbnail\" alt=\"\" \/><\/a>\n\t\t\t<\/div><\/figure>\n\t\t<\/div>\n<\/p>\n<p>&nbsp;<\/p>\n<p><\/center><\/p>\n","protected":false},"excerpt":{"rendered":"<p>Syst\u00e9m sa sklad\u00e1 z r\u00e1mu a v\u00fdplne na 2, 3 a 4 radov\u00fdch, obojstranne pohybliv\u00fdch ko\u013eajnicov\u00fdch syst\u00e9moch. Pojazdov\u00e9 kladky s\u00fa<\/p>\n","protected":false},"author":1,"featured_media":0,"parent":40,"menu_order":0,"comment_status":"closed","ping_status":"closed","template":"","meta":{"colormag_page_container_layout":"default_layout","colormag_page_sidebar_layout":"default_layout","footnotes":""},"class_list":["post-173","page","type-page","status-publish","hentry"],"_links":{"self":[{"href":"https:\/\/www.zimne-zahrady.sk\/domains\/zimne-zahrady.sk\/wp-json\/wp\/v2\/pages\/173","targetHints":{"allow":["GET"]}}],"collection":[{"href":"https:\/\/www.zimne-zahrady.sk\/domains\/zimne-zahrady.sk\/wp-json\/wp\/v2\/pages"}],"about":[{"href":"https:\/\/www.zimne-zahrady.sk\/domains\/zimne-zahrady.sk\/wp-json\/wp\/v2\/types\/page"}],"author":[{"embeddable":true,"href":"https:\/\/www.zimne-zahrady.sk\/domains\/zimne-zahrady.sk\/wp-json\/wp\/v2\/users\/1"}],"replies":[{"embeddable":true,"href":"https:\/\/www.zimne-zahrady.sk\/domains\/zimne-zahrady.sk\/wp-json\/wp\/v2\/comments?post=173"}],"version-history":[{"count":10,"href":"https:\/\/www.zimne-zahrady.sk\/domains\/zimne-zahrady.sk\/wp-json\/wp\/v2\/pages\/173\/revisions"}],"predecessor-version":[{"id":679,"href":"https:\/\/www.zimne-zahrady.sk\/domains\/zimne-zahrady.sk\/wp-json\/wp\/v2\/pages\/173\/revisions\/679"}],"up":[{"embeddable":true,"href":"https:\/\/www.zimne-zahrady.sk\/domains\/zimne-zahrady.sk\/wp-json\/wp\/v2\/pages\/40"}],"wp:attachment":[{"href":"https:\/\/www.zimne-zahrady.sk\/domains\/zimne-zahrady.sk\/wp-json\/wp\/v2\/media?parent=173"}],"curies":[{"name":"wp","href":"https:\/\/api.w.org\/{rel}","templated":true}]}}